ppose 10*o - 33 = -13. Suppose 0 = -o*y, -2*i + 419 = -3*y - 107. What is the tens digit of i?
6
Let t(i) = -2*i**3 + 9*i**2 + 2*i + 3. Let r be t(5). Let w = -20 - -12. What is the tens digit of w/r - 1148/(-6)?
9
Let x(l) = 4*l**3 - 4*l**2 + 3*l - 5. Let y be x(2). Let c be 42/4 + y/34. Let q = c - -158. What is the units digit of q?
9
Let q(a) = 120*a**3 + 5*a**2 + 4*a - 18. What is the hundreds digit of q(3)?
2
Suppose -4*j - 16 = 0, k - 2*j - 4 = -k. Let h(o) = 2*o - 3. Let y be h(k). What is the tens digit of -5 - y - (82/(-1) - -2)?
8
Let m be 2/6 + (-150)/45. Let i be 12*2*m/(-9). Suppose -475 = -i*v + 45. What is the tens digit of v?
6
Suppose -4*n + 64 = 3*s, -11*n = -3*s - 8*n + 99. Let l = 315 + s. What is the units digit of l?
3
Let q(w) be the second derivative of -319*w**3/2 - 32*w**2 - 13*w + 2. What is the units digit of q(-1)?
3
Let r = 1224 + 3706. What is the tens digit of r?
3
Suppose -3*n - 6*n = -27. Suppose 4*q - 11 = -n. Suppose -3*v + 2*i + 1 + 61 = 0, -24 = -q*v - 3*i. What is the tens digit of v?
1
Suppose 17*b + 35057 + 14297 = 509034. What is the units digit of b?
0
Let m(w) = -3157*w - 636. What is the thousands digit of m(-2)?
5
Suppose -1992 = -65*g + 67*g. Let a = -229 - g. What is the hundreds digit of a?
7
Suppose -2*s = 0, 3*r = -3*s + 2*s - 36. Let h = 192 + r. What is the units digit of h?
0
Suppose -13*b = -2*b - 27700 - 23615. What is the thousands digit of b?
4
Let b = 10453 - 5543. What is the thousands digit of b?
4
Let u = 11216 - -44725. What is the thousands digit of u?
5
Suppose -2*j + 6 = 0, 2*j - 60 = -i + 77. Let v = i - 105. What is the units digit of v?
6
Let s(v) = 20*v**2 + 90*v + 948. What is the hundreds digit of s(-47)?
8
Suppose 5*m - 8015 = 4*m + 4*y, 2*y + 4 = 0. What is the thousands digit of m?
8
Let r = 40 - 38. Suppose 2*x + 44 = -r*n, 5*n + 1 - 11 = x. Let d = x + 23. What is the units digit of d?
3
What is the ten thousands digit of ((-2892)/16)/(((-56)/(-480))/(-7))?
1
Suppose 75*g - 35*g - 877680 = -6*g. What is the hundreds digit of g?
0
Suppose -31*k + 183050 = -6*k. What is the tens digit of k?
2
Suppose 11*j = 10*j - 28. Let q be (-132)/(-16) + 7/j. What is the units digit of ((-12)/q)/(-2*(-1)/(-172))?
9
Let j be (-36270)/4*(-48)/(-30). What is the units digit of (j/54)/(2/(-3))?
3
Suppose 88 = -44*f + 40*f. Let v(w) = w + 195. What is the hundreds digit of v(f)?
1
What is the tens digit of 8/(-20)*-93515*((-88)/(-8))/11?
0
What is the tens digit of (-615685358)/(-40734) - (0 - (-2)/9*-1)?
1
Suppose -2*d = -5*z + 51917, -106*d - 2 = -104*d. What is the hundreds digit of z?
3
Suppose 0 = -n - 5*r + 70, -3*r + 2 = -5*r. What is the units digit of 50/n + (-508)/(-3)?
0
Suppose 4*n = -16, -5*k + 20 = -3*k - 5*n. Suppose k = -19*r + 14*r + 435. What is the tens digit of r?
8
What is the units digit of (9*(-5)/(-135))/((-7)/(-1386))?
6
Let p(o) = o**3 - 17*o**2 + 43*o - 235. What is the units digit of p(22)?
1
Suppose 4*a = d + 90320, 2*a = 17*d - 18*d + 45166. What is the units digit of a?
1
Suppose 7*w + 805929 = 30*w - 70624. What is the ten thousands digit of w?
3
Let r = 93654 + -55954. What is the units digit of r?
0
What is the hundreds digit of 3707077/726 - 4/(-18)*(-6)/8?
1
Let g = 6477 + -4537. Let w = -611 + g. What is the tens digit of w?
2
Suppose 72*k - 2409 = -681. Let c(a) be the second derivative of a**4/12 - 25*a**3/6 + 35*a**2/2 - a. What is the units digit of c(k)?
1
Suppose -q + 11 = -5*g, -5*q + 3*g = 5 - 16. Let v = -16 + 118. What is the units digit of v + 5 + q*4?
1
Let s be (-175)/(-55) - (3 - 124/44). Suppose -n - 5*g + 710 = 0, 2106 - 24 = 3*n + s*g. What is the tens digit of n?
9
Let p(m) be the third derivative of m**5/20 - 19*m**4/24 - 25*m**3/6 + 60*m**2. What is the units digit of p(-15)?
5
Let p(w) = 12*w + 16*w - 79 + 11*w - 15*w. Let a be p(6). Suppose 0 = -a*z + 70*z - 1145. What is the hundreds digit of z?
2
Suppose -2*r = 89*z - 84*z + 894, 5*z - 447 = r. Suppose 0 = -2*u + j - 0*j - 1273, 4*u - 3*j = -2545. Let s = r - u. What is the tens digit of s?
9
Let d be -7*(-9 - -1 - -7). Suppose -4*p = 8, -d*p - 1264 = -2*o - 10*p. What is the hundreds digit of o?
6
Let w = 142 - 88. Suppose -w = -u + 21. What is the units digit of 1*u - (-14 + 16)?
3
Suppose -29*u = -26*u - 15. Suppose -2662 = -u*q - 2*h, 0 = -4*q + 6*h - 3*h + 2148. What is the hundreds digit of q?
5
Let f(s) = 6 - 3*s + 29*s**3 + 12*s - 3 - 30*s**3 - 2*s**2. What is the tens digit of f(-9)?
8
Let t = -466 + 505. Suppose -3*q + 4*q = -10. Let b = t + q. What is the tens digit of b?
2
Let k(n) = -2*n**3 - 28*n**2 - 24*n + 11. Let r be k(-14). Let q = r - -367. What is the tens digit of q?
1
Let l = -4499 + 7157. Suppose -l + 30 = -9*z. What is the tens digit of z?
9
Suppose -3*z = 2*q - 27, -z - 4*q + 45 = 4*z. Suppose -z*b = -6*b - 5*t - 756, 5*b + 4*t = 1223. What is the tens digit of b?
4
Suppose 0 = -15*t + 43395 + 28230. What is the hundreds digit of t?
7
Let y(i) be the second derivative of 3*i**4/4 - 7*i**3/6 - 41*i**2/2 + 64*i + 1. What is the thousands digit of y(-13)?
1
What is the tens digit of (-7467165)/(-1505) + 10/7?
6
Let s = -19372 + 43265. What is the ten thousands digit of s?
2
Let j be 6 - 2/4*0. Suppose 0 = -4*v + b + 109, -3*b + 8 - 119 = -4*v. What is the units digit of 5/(30/v) + j/12?
5
Suppose n - 102 = u, -3*n + 265 = 5*u - 25. Let r = n + -8. What is the tens digit of r?
9
Let o = 19684 + -11165. What is the tens digit of o?
1
Suppose -35*s + 435410 - 53166 = -878316. What is the tens digit of s?
1
Suppose 2*v = 12*v - 51990. What is the hundreds digit of v?
1
Let w(j) = 36*j**3 - 3*j**2 - 3*j + 5. Let m be w(3). Suppose -5*f = -4*l - m, -3*l + 188 = f - 4. Let n = -39 + f. What is the tens digit of n?
5
Suppose -12*u = -563 - 277. Let x = u + -53. Let s = 59 - x. What is the tens digit of s?
4
Let l(v) = v**2 + 3*v + 45. Suppose 17*p + 330 = 2*p. What is the units digit of l(p)?
3
Suppose 45124 = 4*j + 5*u, -j - 2*u + 3768 = -7510. What is the thousands digit of j?
1
Let c(q) = -5*q**3 + 6*q**2 + 13*q + 6. Let w be c(5). What is the tens digit of w/24*-3*6?
0
What is the tens digit of 15726/4*(87/9 + 5)?
6
Suppose -11 = 6*h - 23. Let i be 2*5 - (7 - h). Suppose i*m - 209 = -2*b + 36, -4*b = -4*m + 196. What is the units digit of m?
9
Let k(o) = -o**3 - 5*o**2 + 5*o + 30. Let l be k(-4). What is the hundreds digit of -6*(11/66 - (-766)/l)?
7
Let u be 2/7 + (0 - (-130)/35). Suppose -u*n = 2*o - 1454 - 210, 1666 = 2*o + 2*n. What is the tens digit of o?
3
Suppose 5*t + 909 = 9*h - 13*h, 0 = -4*h - 3*t - 899. Let x = -14 - h. What is the hundreds digit of x?
2
Suppose 2*m + 3*m - 13 = -4*o, -o - 5*m - 8 = 0. Let u be -5*(70/(-25))/o. Suppose -u = s, -3*d + 0*s + 98 = -s. What is the units digit of d?
2
Let r = -473 + 9512. What is the units digit of r?
9
Suppose -1860 - 1002 = 6*m. Let r = -278 - m. What is the hundreds digit of r?
1
Suppose 2*s - b - b - 62326 = 0, -2*b + 124688 = 4*s. What is the hundreds digit of s?
1
Let a(l) = -l**3 - 20*l**2 - 18*l - 15. Let o be a(-20). Suppose 4*j + o = -231. Let g = j + 281. What is the units digit of g?
7
Let r(b) = -b + 8. Let q be r(8). Suppose q = -3*g - 5*g + 264. Suppose 5*y = 2*l - 62, l + 3*y = 2*l - g. What is the tens digit of l?
2
Let d be ((-1 - (4 + -7)) + -3)*1. Let v(a) = -13*a**3 + 3*a + 3. Let t be v(d). Let r(y) = y**3 - 13*y**2 + 13*y + 24. What is the units digit of r(t)?
3
Let c = 214 + -213. What is the hundreds digit of ((-10404)/(-108))/(c/3)?
2
Let y = 31986 - 12129. What is the tens digit of y?
5
Suppose -2*z + 3*z = -z. Suppose 0 = -5*s - 2*y + 10, z*y - 19 = -s + 3*y. What is the units digit of s?
4
Let y(x) be the first derivative of 2*x**3 + 3*x**2/2 + 4*x - 1. Let r be y(-3). Suppose r = -3*l + 262. What is the units digit of l?
1
Let d(m) = -7*m**2 + 11*m**2 - 5*m**2 + 3 + 3*m. Let w be d(-8). What is the units digit of w*(1 - 0)*(-21)/35?
1
Suppose 33809 = d + 2*a, -d = 142*a - 145*a - 33769. What is the thousands digit of d?
3
Let j be (5 + (-40)/(-15))*27. Let v be 3/2*((197 - 0) + 1). Let d = v - j. What is the tens digit of d?
9
Let y = -18601 + 46733. What is the ten thousands digit of y?
2
What is the units digit of -6 - -14 - (-5)/25*-5 - -43958?
5
Let d(t) = -23*t 